t s(g) = g**2 + 11*g + 10. Suppose p - 91 = 14*p. Determine s(p).
-18
Let b(v) = -18*v - 16*v + 31*v + 1. Suppose -r + 4 = 4*i, 4*r - 6 = -2*i + 10. Give b(r).
-11
Let b(o) be the third derivative of 0 + 0*o + 1/12*o**4 - o**2 - 3/2*o**3. Calculate b(7).
5
Let m(x) be the second derivative of 0 + 5/2*x**2 - 1/2*x**3 + 5*x - 1/12*x**4. Determine m(-4).
1
Suppose 200 = 39*p - 35*p. Suppose -14 = -4*s - p. Let b(d) = -2*d - 12. Determine b(s).
6
Suppose 41*y + 2 = 42*y. Let g(d) be the second derivative of -d**y - 1/2*d**3 + 5*d + 0. What is g(-3)?
7
Let v(f) = -f**3 + 7*f + 2. Let m(r) = 3*r**3 - r**2 - 26*r - 8. Let q(l) = 3*m(l) + 11*v(l). Suppose y = 6*y - 30. Let k be (-3)/6 + y/(-4). Determine q(k).
4
Suppose -5*v + z = -301, 4*v - z = -0*v + 241. Let j(c) = -30*c**2 - 9*c + v*c**2 + 7 - 31*c**2. What is j(-8)?
15
Suppose 2*j + 10 = 7*j. Let f(q) = -q**3 + q**2 - 4*q - 1. Let r(h) = 4*h**3 - 5*h**2 + 13*h + 4. Let a(n) = -3*f(n) - r(n). Calculate a(j).
-3
Let l(o) = -3*o + 1. Suppose t + 4 + 24 = 2*i, 4*i = 3*t + 52. Let u = -14 + i. What is l(u)?
-5
Let t(z) be the first derivative of -11*z**2/2 - 3*z + 264. What is t(-1)?
8
Let j(o) = -o**2 - 16*o - 12. Let x be j(-15). Let w be 2/6*(-75)/(-5). Suppose -5*d + 22 = -3*f, -d - x*f = -w*d + 17. Let r(y) = -y + 7. Calculate r(d).
2
Let n = -48 - -80. Let a = 37 - n. Let r(c) = -2*c**3 - 3*c**2 + 6*c + 2. Let x(k) = 5*k**3 + 10*k**2 - 17*k - 6. Let t(g) = -8*r(g) - 3*x(g). Give t(a).
-8
Let a(g) = g**3 + 14*g**2 + g + 19. Let q be a(-14). Let p(b) be the second derivative of 0 + b - 1/2*b**4 + 3*b**2 + 1/20*b**5 + 1/2*b**3. Give p(q).
-4
Let u = -63 - -73. Let c(w) = -71*w + 33*w - u + 40*w. Calculate c(9).
8
Let x be 6 - 6/(4 - -2). Let w(i) = i**3 - 8*i**2 + 3*i + 3. Determine w(x).
-57
Let k(r) = -2*r**2 - 9*r - 8. Let c(z) = -z**2 - 5*z - 4. Let o(x) = -5*c(x) + 2*k(x). Let t(i) = i**3 - 4*i**2 + i - 1. Let h be t(3). Determine o(h).
4
Let f(p) = -2*p + 4. Let q be f(8). Let y = q - -17. Let z(h) = -11*h - 6. Let j(l) = 13*l + 7. Let o(d) = -6*j(d) - 7*z(d). What is o(y)?
-5
Let q(a) = -a**2 - 14*a - 12. Let p be q(-15). Let m be (-3 - p/3) + 1. Let u(g) = 2 - 4 - 6*g**3 + g + m*g**3 + 3. Calculate u(-2).
-9
Let j(u) = -12*u - 79. Let z be j(-6). Let v(r) = r**3 + 7*r**2 + r + 4. Determine v(z).
-3
Let z(l) be the second derivative of -l**3/6 + 7*l**2/2 - 7*l + 1. Calculate z(15).
-8
Let l(z) be the first derivative of -3*z**2/2 - 5*z - 219. Let r = 17 + -13. Determine l(r).
-17
Let m(o) = 12*o**2 + 39*o + 32. Let h(g) = -7*g**2 - 20*g - 15. Let c(a) = 5*h(a) + 3*m(a). Determine c(-16).
5
Let r(q) = -12*q**2 + q + 1. Let x(j) = 13*j**2 - j - 1. Let t(w) = -4*r(w) - 3*x(w). Suppose -4*z + 2 - 6 = 0. Calculate t(z).
9
Let n(y) = -y**3 + y**2 + 5*y. Let u be 29/(3393/486) + (-4)/26. Give n(u).
-28
Suppose 2*h - 6 = -4*d, 3*h - 7*d + 3*d - 19 = 0. Let v be -4 + (-18)/((-15)/h). Let f(a) = 4*a. Let c(l) = 7*l. Let o(u) = -6*c(u) + 11*f(u). What is o(v)?
4
Let i(m) = -m**2 - 4*m + 5. Suppose -9*h + 8 = -5*h. Determine i(h).
-7
Suppose -4*l = -4*s + 16, 0 = 8*l - 13*l + 3*s - 12. Let d(z) = 2*z + 28. Give d(l).
28
Let b(l) = -l**2 - 3*l + 5. Suppose 0 = -z - 2*j - 3, 3*z - 4*j - 6 + 25 = 0. Determine b(z).
-5
Suppose -2*g - 17 = -4*q - 3, -g - 17 = -4*q. Suppose 4*p + 3*d = -d + 32, 3*d = g*p - 12. Let i(k) = 0 + 1 + 0*k - k. Determine i(p).
-5
Let u(m) = -2*m - 3. Let a be 168/60 + (-1)/(-5). Suppose -2*j - 20 = a*j. What is u(j)?
5
Suppose 4 = 6*y - 2. Let q be y/(-3 + 21/6). Suppose 0 = -z + q - 1. Let m(x) = -2*x**2 + x. Determine m(z).
-1
Suppose -2*n = 5 - 15. Let b be (44/(-55))/((-1)/n). Suppose -5*s - 1 = y + 5, -y = -b*s - 12. Let x(l) = -l + 4. Give x(y).
0
Let j(f) = f**2 + 6*f + 2. Suppose 4*h = -2*z, -8*h + 5*h + 39 = -5*z. Determine j(z).
2
Let j(k) = -3*k - 5. Let v be -4*6/(-8) + (-24)/3. What is j(v)?
10
Let m(p) = 2*p**2 - p - 3. Let i(y) = -y**3 - y**2 + 3*y + 5. Let g be i(-2). Determine m(g).
12
Let k(n) be the first derivative of -n**2 - 3*n - 48. What is k(6)?
-15
Let v(p) = -p + 17. Let n be v(14). Let b(d) = -3*d - 42*d**2 - 4 + n*d - d + 41*d**2. Determine b(-3).
-10
Let k = -367 - -366. Let g(m) = 0*m**2 + m - 2*m**2 - 3*m**2 + 3*m**2. Calculate g(k).
-3
Let b(s) be the first derivative of s**3/3 - 13*s**2/2 + 19*s - 222. What is b(12)?
7
Let v be ((-6)/9 + 1)/(6/(-36)). Let m(k) = k. What is m(v)?
-2
Suppose 3*y + 9*x + 14 = 4*x, 2*x - 2 = -5*y. Let g(o) = -8*o**2 + 7 + 9*o**y + 8*o + 0*o - o. Give g(-6).
1
Let j(b) be the second derivative of 7/2*b**2 + 1/20*b**5 + 0 + b**3 - 2/3*b**4 + 3*b. Suppose 8*y - 2*y - 42 = 0. Determine j(y).
0
Let w(k) = k**3 + 8*k**2 + 2*k + 10. Let o be 6/10 + 30/75. Let p be o*(-12)/8*-18. Suppose 4*s - 2*s = 4*g + 30, 4*g + p = 5*s. Calculate w(g).
-6
Suppose 4*g = -15 + 39. Suppose 18*d + 24 = 20*d. Let i(w) = -d*w + 38*w - 27*w + 1. Determine i(g).
-5
Let v(t) = -2*t**2 + 12*t + 7. Let b(q) = q**2 - 11*q - 6. Let f(i) = 3*b(i) + 2*v(i). Let s = 5026 + -5034. Give f(s).
4
Let a(p) = 268*p**2 + 2*p**3 - 4 - 4*p + p + 3*p - 266*p**2 + 3*p. Calculate a(2).
26
Let k(z) = 6*z**2 - 28 + 12*z - 26 - 4*z**2 + 35. Let v be k(-7). Let a(h) be the third derivative of h**4/24 + 2*h**3/3 + h**2. Calculate a(v).
-1
Let m = -16 - -15. Let p be 2 - 0 - (-2 - m/(-1)). Let k(u) = -u**3 + 4*u**2 + u + 7. Determine k(p).
-13
Let z(o) = 6*o**3 - 12*o**2 - 3*o - 8. Let n(q) = -7*q**3 + 13*q**2 + 4*q + 8. Let l(g) = 5*n(g) + 6*z(g). What is l(7)?
6
Let w(u) = -13*u**3 + 26*u**2 - 4*u - 17. Let h(d) = 5*d**3 - 9*d**2 + 2*d + 6. Let l(r) = -8*h(r) - 3*w(r). Give l(-6).
27
Let h(r) = 2*r**2 + 11*r - 12. Let m be h(-7). Let k(c) = -c + 9. Determine k(m).
0
Let s = 5 - 2. Let y(l) = l - 5*l - 1 - 922*l**3 + 921*l**3 + 4*l**2. Give y(s).
-4
Suppose -30*r + w - 34 = -35*r, 0 = -4*r - 5*w + 44. Let g(h) = h - 8. Calculate g(r).
-2
Let c be 5/(5/4) - (-27 - -24). Let k be 6 - 6*(-6)/(-9) - c. Let u(p) = 2*p + 4. Let t(g) = 2*g + 5. Let o(h) = -3*t(h) + 2*u(h). Determine o(k).
3
Suppose -9*g + 5 = 149. Let n(j) = j**3 + 15*j**2 - 18*j - 36. Determine n(g).
-4
Let x(a) = 2*a + 30. Let f(t) = -2*t - 24. Let o(j) = -6*f(j) - 5*x(j). Give o(2).
-2
Let r(p) = -10. Let o be -3 + 9/((-45)/10). Let y(q) = q + 21. Let a(m) = o*r(m) - 2*y(m). Calculate a(8).
-8
Let k(r) = 3 - 3*r**2 - 3 + 4 - 5*r + 0*r. Let w be k(-5). Let i be w/12 + (-7)/42. Let b(t) = -t**2 - 3*t + 4. What is b(i)?
0
Suppose -2*x - 3*x - 30 = 0. Let u be (-3)/(-4)*8/1. Let b(r) = -4 - 2*r**2 + 7*r**2 - u*r**2 - 7*r. What is b(x)?
2
Let q(k) = 3*k**2 + 5*k**2 - 2 + 12 + k**3 + 10*k. Suppose -9*t - 3*w - 24 = -6*t, 17 = -2*t - 3*w. What is q(t)?
-11
Let h be 2/8 - (17/4 - 5). Suppose 5*i = 19 + h. Let y(s) = s - 3. What is y(i)?
1
Let x(d) = d**2 - 13*d + 1. Let r(g) = -g - 1. Let i(f) = -5*r(f) + x(f). Give i(7).
-1
Let x be -77*((-228)/28 - -8). Let r(p) = -p**3 + 13*p**2 - 20*p - 27. Calculate r(x).
-5
Let n(d) = -d - 6. Let b = 182 + -197. Calculate n(b).
9
Let o be 2/(-8) - 27/4. Let t(s) = s + 6*s + 0 - 2*s + s**2 + 5 - 2. Calculate t(o).
17
Let o be 182*(-4)/(24/(-9)). Let g(y) = 140*y - y**2 - 3 - o*y + 140*y. Give g(8).
-11
Let g(u) = -9*u + 1. Let w be ((-1)/(-3))/(2/(-36)*-6). Let f be (4 + (-2 - w))/(5/5). Calculate g(f).
-8
Let b = -14 + 8. Let c be (-4)/(-6) + 40/(-6). Let q(s) = -5*s**2 + 11*s + 5. Let v(n) = n**2 - n - 1. Let d(l) = c*v(l) - q(l). Calculate d(b).
-5
Let f(y) be the second derivative of y**4/12 + 2*y**3/3 - 7*y**2/2 - 983*y - 4. Let a = -4 - -1. Let d = -2 + a. What is f(d)?
-2
Suppose 4*q - 4 = 8. Let f(l) = -4 + 37*l - 2*l**2 - 6*l**2 - 29*l + l**q. Calculate f(7).
3
Let g(j) = -5*j**2 - 83*j - 66. Let r be g(-16). Let m(u) = -u - 35. Determine m(r).
-17
Let k be (2*(-12)/(-2))/2. Let o(n) = 3*n**2 - 15*n - 6. Determine o(k).
12
Let t be (1 - 7)/((-24)/(-16)) - -4. Let j(k) = -k - 16. Determine j(t).
-16
Suppose 0 = -4*y, 3 = v - 4*v + 3*y. Let t(g) = -g + 12. Let p(w) = w - 2. Let n(z) = -6*p(z) - t(z). What is n(v)?
5
Suppose a - 2*y - 2 + 3 = 0, -31 = 5*a + 3*y. Let n(t) = t**2 + 3*t - 5. Determine n(a).
5
Let p = -40 + 38. Let j be (p - -1)/(-7 + 8) + -4. Let f(c) = c**2 + 3*c - 6. Calculate f(j).
4
Let p(k) = -2*k**2 + 12*k + 8. Let z(g) = -3*g**2 + 13*g + 9. Let o(h